502 - -13317. What is the remainder when b is divided by 902?
11
Let g(c) = -20 - c**2 - 27 - 41 + 102 - 11*c. Calculate the remainder when g(0) is divided by 8.
6
Suppose 4*j = -t + 212, -4*j + 0*j = 3*t - 628. Let u(w) = -w**3 - 23*w**2 - w - 2. Suppose 0 = 2*o + 27 + 19. What is the remainder when t is divided by u(o)?
19
Suppose 3*x + q = 15, 5*x - 2*q - 10 = 26. Let k be 60/10*(-64)/x. Let h = 94 + k. Calculate the remainder when 88 is divided by h.
28
Suppose -5*d + 4*k + 447 = 0, 0*d + k + 180 = 2*d. Let i = 287 - d. What is the remainder when i is divided by 40?
36
Let z = 117 - 59. Suppose 6*r + 4*h = 3*r + z, -88 = -5*r + 2*h. Suppose -s = 2*m - 22 - 22, 2*s = -3*m + 92. What is the remainder when s is divided by r?
16
Suppose 502 = 5*h - 4*q - 1699, q + 2219 = 5*h. What is the remainder when h is divided by 56?
53
Suppose 3 + 10 = z. Let p(g) = 84 + 132 + 2*g - 187. Calculate the remainder when p(17) is divided by z.
11
Let u = 15268 + -15256. What is the remainder when 40 is divided by u?
4
Suppose 0 = 35*b - 44*b + 702. What is the remainder when b is divided by (-17)/(-34) + 162/4?
37
Let d = 48 + -32. Suppose -2*s + 4*y + 138 = 0, 4*s + 2*y - 75 - 161 = 0. Calculate the remainder when s is divided by d.
13
Calculate the remainder when 633 is divided by -23 + (-21 - -39) - (-312)/1.
19
Suppose -5*w + 5*j = -516 + 61, 2*j = -4*w + 352. What is the remainder when w is divided by -25 - 3372/(-132) - 274/(-22)?
11
Let n be (-9)/((-27)/6) + 2. Suppose -i + 3 = -5*y, 3*i - 3*y - 25 - 8 = 0. Calculate the remainder when (1 + (n - 2) + -2)*23 is divided by i.
10
Let i = -19647 + 21854. Calculate the remainder when i is divided by 40.
7
Let r(s) = 41*s - 1. Let b be r(-2). Let m = b - -169. Calculate the remainder when m is divided by 22/(-1)*12/(-24).
9
Calculate the remainder when (-5)/(((-5)/6)/((-826)/(-42))) is divided by 12.
10
Calculate the remainder when 2*(2 - -1*17) is divided by 320/100*(-585)/(-78).
14
Let c = 42 + -37. Suppose 19*q = c*q + 98. Let n(z) = z**2 - z - 41. Calculate the remainder when n(8) is divided by q.
1
Let o = -2134 - -2151. What is the remainder when 33 is divided by o?
16
Let w(l) = -2*l**2 - 165*l - 7 + 0*l**2 + 188*l. Suppose -57 = -5*v - 22. Calculate the remainder when w(10) is divided by v.
2
Let k(w) = 3*w - 5*w**2 - 7*w - 6 - 3*w + 6*w**3 - 7*w**3. What is the remainder when k(-5) is divided by -2*(0 - -1)*-4?
5
Let d = 56 - 59. Let t = d - -3. Suppose 9*z - 7*z - 18 = t. What is the remainder when 15 is divided by z?
6
Suppose -64*q + 2900 = 8*q + 44*q. Calculate the remainder when 73 + (-4)/(-4 - 0) is divided by q.
24
Let q = -9236 + 9270. Calculate the remainder when (-270)/(-1) - (-1 - -1) is divided by q.
32
Let b(j) = -j**2 + 11*j + 27. Suppose 0*v + 4*v - 5*f = 251, -12 = 4*f. Let l = v - 48. What is the remainder when b(l) is divided by 17?
10
Suppose 2*u - 5*z + 31 = -25, 4*u + 2*z + 64 = 0. Let k(m) = -m**2 - 19*m + 8. What is the remainder when 674 is divided by k(u)?
24
Suppose 3*d + 2*v = 970, -2*d + 5*v = 3*d - 1575. Calculate the remainder when d is divided by (-1)/(6/(-42)*2 + 170/644).
44
Let r(f) = 4*f - 68. Let q(t) = 4*t + 60. Let x be q(-10). Calculate the remainder when 14 is divided by r(x).
2
Let n = 35649 - 32359. Calculate the remainder when n is divided by 658.
0
Let n be (8/16 - (-2)/4)*499. Let b be ((-9)/(-3))/3*-335. Let s = b + n. Calculate the remainder when s is divided by 15.
14
Let a = -5748 - -5753. Calculate the remainder when 1537 is divided by a.
2
Let u(a) = -a**2 - 10*a - 15. Let z(f) = -2*f**2 - 20*f - 31. Let t(x) = 5*u(x) - 2*z(x). What is the remainder when 13 is divided by t(-7)?
5
Let l = 4443 - 2637. What is the remainder when l is divided by 8?
6
Suppose -3*z - 2*t + 86 = 0, -2*z - 2*t + 52 = -6*t. Suppose 5*h - z = 47. Suppose h*q = -q + 3008. What is the remainder when q is divided by 21?
20
Suppose 0 = -2*i + 5*f + 895, 2*i = 2*f - f + 883. Suppose -700 - i = -20*h. What is the remainder when h is divided by 12?
9
Suppose -4*x = -3*k + 4920, -7*x + 6177 = -12*x - 3*k. Let l = -425 - x. Calculate the remainder when l is divided by 27.
25
Let d = 1570 - 1567. Let c = -1 + -4. What is the remainder when (d/(-6))/(c/540) is divided by 20?
14
Suppose 4*d = 2*d + 8, 2*l = -3*d + 352. Suppose -147*c - l = -152*c. What is the remainder when 119 is divided by c?
17
Suppose 4*l = -37*q + 40*q - 632, 0 = -5*q - 5*l + 960. Calculate the remainder when 3585 is divided by q.
185
Let s be (-19)/(-7) + 8/28. Let w(q) = 23*q + 2. What is the remainder when w(s) is divided by 25?
21
Let l = -27060 - -27733. What is the remainder when l is divided by 320?
33
Let a(t) = 57*t - 1508. What is the remainder when 805 is divided by a(27)?
30
Let x(l) = l**2 - 4*l. Let h be x(4). Suppose h = 13*f - 8*f - 120. Suppose -3*c + 3 = -f. Calculate the remainder when 15 is divided by c.
6
Let f(i) = i**3 + 31*i**2 - 2*i + 23. Suppose -341 = 23*z - 12*z. What is the remainder when 252 is divided by f(z)?
82
Let c = 4473 + -2110. Calculate the remainder when c is divided by 26.
23
Let y(c) = c**2 + 13*c - 60. Let m be y(-20). Suppose 2*v + m - 138 = 0. Calculate the remainder when 84 is divided by v.
26
Suppose 187 = m - 2*l, -5*m + 971 = -3*l + 5*l. Suppose 9*a = m - 49. Calculate the remainder when a is divided by 12.
4
Let k(x) = -12*x + 2. Let n be k(-2). Suppose n = d + 7. Calculate the remainder when d is divided by 92 + -74 - (7 + -6 + 13).
3
Let s(t) = 2*t**2 - 276*t + 1384. What is the remainder when 448 is divided by s(133)?
16
Suppose 4*n - 708 = 3*n + 5*r, -4*n + 2900 = -3*r. Let g(c) = -c**2 + 12*c + 71. Calculate the remainder when n is divided by g(14).
40
Let d(x) = -2*x**2 - 23*x - 8. Let t be d(-9). Let y = t - 31. Calculate the remainder when y is divided by (-2 + -5)*8/(-14).
2
Let i(j) = 34*j - 27. Let o = 8 + -14. What is the remainder when i(3) is divided by (-285)/5*2/o?
18
Let t = 85 - 67. Let a(u) = u**3 - 19*u**2 + 18*u + 3. Calculate the remainder when 47 is divided by a(t).
2
Let n = 1999 - 967. Calculate the remainder when n is divided by 207.
204
Let j(b) = -35 - 32*b - 43*b + 13. What is the remainder when j(-2) is divided by 13?
11
Calculate the remainder when -10918*((-5)/(-35))/((-23)/7 + 3) is divided by 84.
83
Let r(h) = -6*h**2 + 265*h - 97. What is the remainder when r(42) is divided by 34?
7
Suppose -c - 120 = -6*c. Suppose c - 164 = -5*j. Let l = -1080 + 1130. What is the remainder when l is divided by j?
22
Suppose 4*x - 3*x = b - 4, -5*b + x = -12. Suppose 4*y - 139 = -b*a + 41, 2*a + 2*y = 178. What is the remainder when a is divided by 38?
12
Suppose g = 2*y + 189, -24*g + 929 = -19*g - 2*y. Calculate the remainder when 1659 is divided by g.
179
Let z = 7724 + -7560. Calculate the remainder when 534 is divided by z.
42
Suppose 130*f + 19187 + 45178 = 743*f. Let l = -11 + 20. Calculate the remainder when f is divided by l.
6
Let z(l) = l**3 + 5*l**2 - 2*l - 16. Let b be z(-5). Let h(v) = -13*v - 56. Calculate the remainder when 125 is divided by h(b).
15
Suppose 7*c = -127*c + 8710. What is the remainder when 6497 is divided by c?
62
Suppose -7 - 2 = -2*d - 3*b, -b = -4*d - 3. Suppose -10 = -4*i - 2*h, d = 5*i - h + 3 - 5. Calculate the remainder when 94 is divided by (-3 + i)/(-2) + 60/4.
14
Suppose 72 = 5*h - 2*r, -h + 28 = 41*r - 38*r. Calculate the remainder when 1609 is divided by h.
9
Suppose 3*p = -148 + 355. Suppose -x + 88 = 5*i, 16*i + 82 = 20*i - 5*x. Calculate the remainder when p is divided by i.
15
What is the remainder when 6299 is divided by (-15 - -14)*(-2 - (29 + -1))?
29
Suppose 0 = 4*k - 317 + 109. Suppose 5*l - 43 = k. What is the remainder when (-2058)/(-57) + (-80)/760 is divided by l?
17
Let t(u) = 6*u**2 - 3*u + 2. Let z = -11 + 8. Suppose -d + 210 - 176 = 0. What is the remainder when t(z) is divided by d?
31
Suppose 3*t + 9*x - 87 = 0, 59 = -473*t + 476*t - 5*x. Calculate the remainder when (-2)/(-4)*14*14 is divided by t.
6
Calculate the remainder when (-24)/204 - (12/66 - 2618224/748) is divided by 31.
28
Let s(r) = -73*r + 2106. What is the remainder when 221 is divided by s(28)?
35
Let x = -3749 - -3755. Calculate the remainder when 255 is divided by x.
3
Suppose -12*f - 9*b + 11*b = -76754, -2*f + 5*